hest common factor of q and c.
24
Let w be 2*5/(-20)*-4. Suppose -3*r = -w*o - 2, r - 24 = -5*o + o. Suppose 11 + 14 = o*c. What is the highest common divisor of 15 and c?
5
Suppose 67 - 307 = -5*w. Let q = -82 - -192. Let f = 158 - q. Calculate the greatest common factor of w and f.
48
Suppose 783*g - 331347 = 694*g. Calculate the highest common divisor of g and 51.
51
Let j be (8568/(-1666))/(1 + 3629/(-3626)). What is the highest common divisor of j and 1?
1
Let f be 8*(-28)/(1232/(-1485)). Calculate the greatest common divisor of 150 and f.
30
Suppose 219*s - 1008 = 183*s. What is the highest common divisor of 511 and s?
7
Let x be 6/10 - 3/5. Let t(h) = 164*h**2 + h**3 + 0*h**3 + h - 163*h**2 + 26. Let z be t(x). What is the highest common factor of z and 26?
26
Let i = 369 + -234. Suppose 9*n - 4*r - 570 = 4*n, -n = -5*r - i. Let j be 2 + 17 + 0 + 1. Calculate the highest common divisor of n and j.
10
Suppose -4*t + 7*a = 12*a - 356, 12 = 3*a. Calculate the highest common divisor of t and 2100.
84
Let k be (356*5/(-50))/(18/(-855)). Calculate the highest common divisor of k and 133.
19
Suppose 5*c = 4*c + 77. Let p = 90 - c. Suppose -4*m = -2*r - r - 581, -2*r - 6 = 0. What is the greatest common divisor of m and p?
13
Suppose 5*b = 3*b + 6, -z + 5*b + 1957 = 0. Suppose 3*u + i - z + 131 = 0, -1829 = -3*u - 4*i. What is the highest common factor of 15 and u?
15
Let f(o) = -3742*o + 6. Let u be f(-2). Let w be ((-2)/5)/((-7)/u). Calculate the greatest common divisor of w and 4.
4
Let k be 3 - 8 - (-2 + -1350 - 0). Suppose -k = -22*z + 1425. Calculate the highest common factor of z and 36.
18
Let p be 345*(-649)/(-231)*7. What is the highest common divisor of 59 and p?
59
Let p be (35/3)/(8/48). Let o = p - 52. Suppose b - 83 + o = 0. Calculate the greatest common factor of b and 13.
13
Let g = -14 + 12. Let h be (17/g)/(6/(-84)). What is the greatest common divisor of 34 and h?
17
Let p be (-30)/4*(23 + -14 + 177/(-9)). Calculate the greatest common divisor of p and 460.
20
Suppose 7*c - 232 = -624. Let l be c/(-12)*(-12)/(-7). Let q be (l/(-2))/4 + 8. What is the greatest common factor of q and 49?
7
Suppose -2*d - 5 = -d. Let t be 3/5 - (-2)/((-20)/(-54)). Let x be (-1 - d) + (122 - t). Calculate the highest common factor of 48 and x.
24
Let u = -1286 + 2051. Suppose 16*x + 58*x = 6290. Calculate the greatest common divisor of x and u.
85
Suppose -9928 = 1730*c - 1764*c. What is the highest common factor of c and 1898?
146
Let l(a) = 20*a + 29. Let z be l(6). Suppose z = 6*i - 121. Suppose -7*r = -3*r - 20. Calculate the greatest common factor of r and i.
5
Let c(g) = -g**3 - 28*g**2 + 26*g - 31. Let u be c(-29). Calculate the greatest common factor of u and 1708.
28
Suppose -29 - 19 = 12*d. Let z be (-9*(-10)/(-12))/(3/d). What is the greatest common divisor of 770 and z?
10
Suppose 147*a - 29386 = -29348 + 107419. What is the greatest common divisor of 172 and a?
43
Let a = 27 + -25. Let k be ((-33)/a)/((-5)/(-2) - 3). Suppose 0 = -10*q - k + 463. Calculate the highest common divisor of q and 473.
43
Let q(h) = -6*h**3 - 4*h**2 + 30*h + 66. Let b be q(-2). Calculate the highest common factor of 46 and b.
2
Let o = 21015 - 20913. Calculate the greatest common factor of 8823 and o.
51
Let t = 11878 - 1230. Calculate the highest common factor of t and 88.
88
Suppose 0 = u + 2*i - 9, 3*u + i = -12 + 34. Let z be 3/(-4) + (-429)/(-12). Suppose 6*t = t + z. Calculate the greatest common factor of u and t.
7
Let o(q) = 2*q**2 - 12*q - 12. Let v = -20 - -28. Let w be o(v). Calculate the greatest common factor of w and 50.
10
Let g(f) = -6*f + 0*f - 4 + 11*f. Let o be g(4). Let l = -6 - -150. What is the greatest common factor of o and l?
16
Let z be -1*(48/(-20) + (-6)/10). Suppose 58 = -z*d + 76. What is the highest common divisor of d and 24?
6
Let s(n) = 16*n**2 + 8*n + 7. Let j be s(-6). Suppose j = p + 259. Calculate the greatest common divisor of p and 46.
46
Suppose -22 = -3*a - k, 8*a - 20 = 5*a - 2*k. Let j(z) = -5 + 3*z + 0 + 6 + 0. Let m be j(a). What is the highest common divisor of m and 5?
5
Let s be (-22)/1*-2 - 0. Let i = -762 - -766. Calculate the highest common factor of i and s.
4
Let d(t) = -2*t**2 - 23*t + 1005. Let w be d(0). What is the highest common factor of 120 and w?
15
Let c(z) = z**2 - 60*z - 726. Let l be c(80). What is the greatest common factor of 1159 and l?
19
Suppose 0 = -16*g + 6*g - 11*g + 42. What is the greatest common divisor of g and 2402?
2
Suppose -m - 2*m + 45 = 0. Suppose 3*b + 96 = 7*b + 4*w, b + 3*w = 12. What is the greatest common factor of b and m?
15
Let h be (10/30)/(5/(-13575)). Let i = h + 970. Let x = -7 + 20. Calculate the highest common factor of i and x.
13
Suppose 65*h - 9929250 = -160*h. Calculate the greatest common divisor of h and 30.
30
Let s be ((-5)/(-15)*30/4)/(62/1612). Calculate the greatest common divisor of 1625 and s.
65
Let c = -8365 - -8685. What is the highest common factor of c and 4240?
80
Suppose 0 = -7*t + 2444 - 386. Suppose 9*w - 42 = 8*w. Calculate the highest common factor of w and t.
42
Suppose -2*y = -2*f - 3160, y + 25*f - 1564 = 22*f. What is the highest common divisor of 8 and y?
8
Let k be -2 + (-450)/(-175) + 6/14. Let c be (-28)/(-56)*(4 + k - -1). Calculate the highest common factor of c and 21.
3
Suppose r = -b + 2095 + 305, -3*b + 2*r = -7190. Let l be b/121 + (-3)/((-33)/2). What is the greatest common divisor of 56 and l?
4
Let v be 5 + 375*24/20. What is the highest common divisor of 182 and v?
91
Suppose -680*u = -688*u + 192. Suppose 2*r = -3*b + 58, 2*b - 41 = -r - 13. What is the greatest common factor of u and r?
8
Let f = -13 + 33. Let r be 66/(-5*(-4)/f). Let s be (-582)/(-12) + -2 - (-10)/(-4). What is the greatest common divisor of r and s?
22
Let x = -1242243 - -1242249. Let a be -1 - -1 - (-14)/1. What is the highest common factor of a and x?
2
Let o(n) = 94*n**2 + 19*n - 18. Let g be o(11). What is the greatest common divisor of g and 90?
45
Let i(l) = l. Let c(q) = q**2 + 5*q + 1. Let j(t) = c(t) - 2*i(t). Let n be j(-4). Suppose -n*s + 148 = -32. What is the highest common factor of s and 216?
36
Let s be (-106)/(-1272) - (-51834)/72. What is the highest common divisor of s and 1530?
90
Suppose 0 = 3*r + r - 24. Let p = -244 + 218. Let i(k) = 4*k**2 + 105*k + 38. Let y be i(p). Calculate the greatest common factor of r and y.
6
Let a(c) = -2*c**2 - 13*c + 4301. Let x be a(0). Calculate the highest common divisor of x and 23.
23
Let m = -12206 - -12273. Calculate the highest common divisor of 2 and m.
1
Let d(m) = 29*m - 231. Let w be d(11). Suppose -5*q - 6 = 4. Let g be 92/8 - q/(-4). Calculate the greatest common divisor of g and w.
11
Let s = 5523 - 2118. Calculate the highest common factor of s and 45.
15
Suppose 28*f - 25*f - 684 = -3*b, 0 = 4*f - 2*b - 900. Suppose 4*g - 1070 = f. What is the greatest common divisor of 180 and g?
36
Suppose 93 = -2*g + 141. What is the greatest common factor of g and 1236?
12
Let n be (10/3 + 2)/((-2)/(-45)). Suppose -4*g = -7 - 9. Suppose -5*h + 10*h - 35 = -w, -g*w - 5*h + 80 = 0. Calculate the greatest common divisor of w and n.
15
Suppose 287*z - 292*z = -15. Suppose 0 = 3*s - l - 188, 0 = 4*s - z*s - l - 62. Calculate the highest common divisor of s and 42.
21
Suppose -k + 5*k - 340 = 0. Let w = 13399 - 13382. Calculate the highest common divisor of w and k.
17
Suppose 4195 + 975 = 22*a. Let t = 74 + -69. What is the highest common divisor of a and t?
5
Let c(q) = -4*q - 37. Let n be c(-11). Let w(p) = -p + 34. Let x be w(n). Calculate the greatest common factor of 63 and x.
9
Let j = 571 - 530. Suppose -j = 11*w - 162. What is the highest common factor of 3 and w?
1
Let g be -19 + 44564/156 - (-3 + 10/6). Let l(x) = -x**3 + 4*x**2 - x - 2. Let t be l(3). Calculate the greatest common factor of g and t.
4
Let l(m) = 8*m**2 - 3*m - 2. Suppose -3*c + 2 = 32. Let a be -2*(3 - c/(-4)). Let u be l(a). Calculate the highest common factor of u and 81.
9
Suppose -5*v = -2*h + 120, 108 = -78*h + 80*h - 3*v. What is the greatest common factor of 36 and h?
9
Suppose 5*i - 5*r - 5 - 85 = 0, -43 = -2*i + 3*r. What is the highest common factor of i and 41?
1
Suppose -2*y + r = -129, -3*y + r + 201